4?
4
What is the hundred thousands digit of 1555579?
5
What is the hundred thousands digit of 191016?
1
What is the units digit of 297706?
6
What is the tens digit of 634387?
8
What is the hundred thousands digit of 469652?
4
What is the thousands digit of 812168?
2
What is the thousands digit of 1456877?
6
What is the thousands digit of 6975548?
5
What is the thousands digit of 587465?
7
What is the thousands digit of 23095143?
5
What is the units digit of 1038785?
5
What is the ten thousands digit of 1028485?
2
What is the hundred thousands digit of 18902709?
9
What is the hundreds digit of 632218?
2
What is the units digit of 1600135?
5
What is the thousands digit of 7831306?
1
What is the units digit of 182979?
9
What is the units digit of 137682?
2
What is the hundreds digit of 2330272?
2
What is the hundreds digit of 9416610?
6
What is the thousands digit of 4531321?
1
What is the thousands digit of 9037383?
7
What is the ten thousands digit of 26281204?
8
What is the ten thousands digit of 30110372?
1
What is the units digit of 7566878?
8
What is the hundred thousands digit of 388003?
3
What is the ten thousands digit of 16099432?
9
What is the ten thousands digit of 7729029?
2
What is the thousands digit of 40506?
0
What is the units digit of 2051004?
4
What is the units digit of 5103082?
2
What is the units digit of 33340282?
2
What is the ten millions digit of 14838257?
1
What is the hundred thousands digit of 183818?
1
What is the thousands digit of 617360?
7
What is the thousands digit of 556470?
6
What is the units digit of 524665?
5
What is the hundreds digit of 1121433?
4
What is the hundreds digit of 633623?
6
What is the hundred thousands digit of 551184?
5
What is the units digit of 8602367?
7
What is the ten thousands digit of 7808873?
0
What is the units digit of 2175924?
4
What is the hundreds digit of 284569?
5
What is the thousands digit of 706749?
6
What is the units digit of 3962288?
8
What is the ten thousands digit of 10684583?
8
What is the millions digit of 21088161?
1
What is the hundreds digit of 6360295?
2
What is the thousands digit of 1112653?
2
What is the units digit of 1362220?
0
What is the ten thousands digit of 6322541?
2
What is the units digit of 10734359?
9
What is the thousands digit of 1746164?
6
What is the hundreds digit of 29267442?
4
What is the millions digit of 12304449?
2
What is the hundreds digit of 723813?
8
What is the thousands digit of 22101363?
1
What is the thousands digit of 533194?
3
What is the thousands digit of 1760884?
0
What is the tens digit of 17596613?
1
What is the thousands digit of 14973631?
3
What is the tens digit of 255796?
9
What is the tens digit of 2049666?
6
What is the units digit of 239030?
0
What is the ten thousands digit of 19789909?
8
What is the hundreds digit of 3377144?
1
What is the tens digit of 39163?
6
What is the thousands digit of 6172270?
2
What is the tens digit of 46306?
0
What is the units digit of 1165941?
1
What is the thousands digit of 916114?
6
What is the units digit of 95244?
4
What is the hundreds digit of 243816?
8
What is the hundred thousands digit of 2674624?
6
What is the units digit of 270108?
8
What is the hundreds digit of 2128774?
7
What is the ten thousands digit of 1079668?
7
What is the hundreds digit of 5123630?
6
What is the thousands digit of 3111081?
1
What is the hundreds digit of 27315503?
5
What is the thousands digit of 964064?
4
What is the hundred thousands digit of 12902334?
9
What is the millions digit of 4078051?
4
What is the ten thousands digit of 1138874?
3
What is the units digit of 8381895?
5
What is the thousands digit of 205771?
5
What is the hundreds digit of 141139?
1
What is the units digit of 2646927?
7
What is the units digit of 3686558?
8
What is the hundreds digit of 1307131?
1
What is the tens digit of 748?
4
What is the hundreds digit of 495833?
8
What is the ten thousands digit of 292575?
9
What is the hundreds digit of 1052275?
2
What is the hundred thousands digit of 110459?
1
What is the ten thousands digit of 198307?
9
What is the tens digit of 4849?
4
What is the thousands digit of 1129687?
9
What is the thousands digit of 8128912?
8
What is the hundred thousands digit of 121106?
1
What is the ten thousands digit of 188362?
8
What is the hundreds digit of 1188907?
9
What is the ten thousands digit of 5069698?
6
What is the hundreds digit of 8952223?
2
What is the units digit of 1283763?
3
What is the thousands digit of 31309?
1
What is the units digit of 1279191?
1
What is the tens digit of 78157?
5
What is the ten thousands digit of 11652053?
5
What is the units digit of 257494?
4
What is the hundred thousands digit of 411304?
4
What is the hundreds digit of 460153?
1
What is the ten thousands digit of 91391?
9
What is the millions digit of 8567729?
8
What is the hundred thousands digit of 3362320?
3
What is the millions digit of 3132017?
3
What is the units digit of 3431351?
1
What is the hundreds digit of 619365?
3
What is the thousands digit of 20822?
0
What is the hundreds digit of 687896?
8
What is the tens digit of 13075?
7
What is the hundreds digit of 2141545?
5
What is the hundreds digit of 18179?
1
What is the hundreds digit of 162765?
7
What is the tens digit of 1007536?
3
What is the tens digit of 4969068?
6
What is the units digit of 6762869?
9
What is the ten thousands digit of 181226?
8
What is the units digit of 1049549?
9
What is the hundred thousands digit of 18886849?
8
What is the units digit of 799979?
9
What is the hundred thousands digit of 3271104?
2
What is the thousands digit of 578241?
8
What is the ten thousands digit of 581316?
8
What is the thousands digit of 34242?
4
What is the thousands digit of 269307?
9
What is the ten thousands digit of 216467?
1
What is the ten thousands digit of 256866?
5
What is the hundred thousands digit of 329507?
3
What is the thousands digit of 130185?
0
What is the units digit of 440834?
4
What is the units digit of 15653904?
4
What is the ten thousands digit of 7391558?
9
What is the millions digit of 2287646?
2
What is the thousands digit of 1229636?
9
What is the tens digit of 3749580?
8
What is the hundreds digit of 66323?
3
What is the ten thousands digit of 1665701?
6
What is the ten millions digit of 36190849?
3
What is the hundred thousands digit of 40266087?
2
What is the tens digit of 17014219?
1
What is the hundred thousands digit of 275813?
2
What is the units digit of 1187812?
2
What is the tens digit of 281770?
7
What is the thousands digit of 1717037?
7
What is the tens digit of 750174?
7
What is the units digit of 532620?
0
What is the hundred thousands digit of 252378?
2
What is the millions digit of 1040926?
1
What is the hundred thousands digit of 1127563?
1
What is the units digit of 596805?
5
What is the ten thousands digit of 13894?
1
What is the tens digit of 734445?
4
What is the thousands digit of 15433815?
3
What is the hundreds digit of 1408303?
3
What is the hundreds digit of 6659517?
5
What is the ten thousands digit of 9435344?
3
What is the thousands digit of 226255?
6
What is the units digit of 3899913?
3
What is the millions digit of 46070689?
6
What is the hundreds digit of 735970?
9
What is the thousands digit of 985971?
5
What is the millions digit of 1826903?
1
What is the hundred thousands digit of 113438?
1
What is the thousands digit of 560742?
0
What is the ten thousands digit of 1538598?
3
What is the hundred thousands digit of 441663?
4
What is the units digit of 1840158?
8
What is the millions digit of 2700659?
2
What is the hundreds digit of 5728776?
7
What is the ten millions digit of 14485339?
1
What is the ten thousands digit of 58608?
5
What is the thousands digit of 187558?
7
What is the units digit of 16848500?
0
What is the millions digit of 1453669?
1
What is the ten millions digit of 13485934?
1
What is the thousands digit of 5752339?
2
What is the units digit of 11783249?
9
What is the tens digit of 3486605?
0
What is the hundreds digit of 640173?
1
What is the units digit of 4597312?
2
What is the thousands digit of 176775?
6
What is the ten thousands digit of 7569511?
6
What is the units digit of 722071?
1
What is the tens digit of 2726218?
1
What is the ten thousands d